{"id":545,"date":"2020-08-25T22:57:59","date_gmt":"2020-08-25T22:57:59","guid":{"rendered":"https:\/\/demos.kadencewp.com\/course\/?page_id=10"},"modified":"2025-03-14T13:58:27","modified_gmt":"2025-03-14T12:58:27","slug":"contact","status":"publish","type":"page","link":"https:\/\/ubezpieczenia-wojciechowski.pl\/?page_id=545","title":{"rendered":"Kontakt"},"content":{"rendered":"\n<h1 class=\"wp-block-heading\">Kontakt<\/h1>\n\n\n\n<h2 class=\"wp-block-heading has-text-align-center has-1-2-font-size\"><strong>Masz pytanie? Napisz do nas <\/strong><\/h2>\n\n\n<style>.kb-row-layout-id545_c1bb04-74 > .kt-row-column-wrap{align-content:start;}:where(.kb-row-layout-id545_c1bb04-74 > .kt-row-column-wrap) > .wp-block-kadence-column{justify-content:start;}.kb-row-layout-id545_c1bb04-74 > .kt-row-column-wrap{column-gap:var(--global-kb-gap-md, 2rem);row-gap:var(--global-kb-gap-md, 2rem);padding-top:var(--global-kb-spacing-sm, 1.5rem);padding-bottom:var(--global-kb-spacing-sm, 1.5rem);grid-template-columns:minmax(0, calc(65% - ((var(--global-kb-gap-md, 2rem) * 1 )\/2)))minmax(0, calc(35% - ((var(--global-kb-gap-md, 2rem) * 1 )\/2)));}.kb-row-layout-id545_c1bb04-74 > .kt-row-layout-overlay{opacity:0.30;}@media all and (max-width: 1024px){.kb-row-layout-id545_c1bb04-74 > .kt-row-column-wrap{grid-template-columns:minmax(0, 2fr) minmax(0, 1fr);}}@media all and (max-width: 767px){.kb-row-layout-id545_c1bb04-74 > .kt-row-column-wrap{grid-template-columns:minmax(0, 1fr);}}<\/style><div class=\"kb-row-layout-wrap kb-row-layout-id545_c1bb04-74 alignnone wp-block-kadence-rowlayout\"><div class=\"kt-row-column-wrap kt-has-2-columns kt-row-layout-left-golden kt-tab-layout-inherit kt-mobile-layout-row kt-row-valign-top\">\n<style>.kadence-column545_a17e8d-bc > .kt-inside-inner-col,.kadence-column545_a17e8d-bc > .kt-inside-inner-col:before{border-top-left-radius:0px;border-top-right-radius:0px;border-bottom-right-radius:0px;border-bottom-left-radius:0px;}.kadence-column545_a17e8d-bc > .kt-inside-inner-col{column-gap:var(--global-kb-gap-sm, 1rem);}.kadence-column545_a17e8d-bc > .kt-inside-inner-col{flex-direction:column;}.kadence-column545_a17e8d-bc > .kt-inside-inner-col > .aligncenter{width:100%;}.kadence-column545_a17e8d-bc > .kt-inside-inner-col:before{opacity:0.3;}.kadence-column545_a17e8d-bc{position:relative;}@media all and (max-width: 1024px){.kadence-column545_a17e8d-bc > .kt-inside-inner-col{flex-direction:column;}}@media all and (max-width: 767px){.kadence-column545_a17e8d-bc > .kt-inside-inner-col{flex-direction:column;}}<\/style>\n<div class=\"wp-block-kadence-column kadence-column545_a17e8d-bc\"><div class=\"kt-inside-inner-col\"><div class=\"wp-block-kadence-advanced-form wp-block-kadence-advanced-form622-cpt-id kb-adv-form-label-style-normal kb-adv-form-input-size-standard kb-form-basic-style wp-block-kadence-advanced-form\"><form id=\"kb-adv-form-622-cpt-id\" class=\"kb-advanced-form\" method=\"post\" data-error-message=\"B\u0142\u0119dnie uzupe\u0142niony formularz \">\n<style>.kb-row-layout-id545_2cb501-33 > .kt-row-column-wrap{align-content:start;}:where(.kb-row-layout-id545_2cb501-33 > .kt-row-column-wrap) > .wp-block-kadence-column{justify-content:start;}.kb-row-layout-id545_2cb501-33 > .kt-row-column-wrap{column-gap:var(--global-kb-gap-md, 2rem);row-gap:var(--global-kb-gap-md, 2rem);padding-top:0px;padding-right:0px;padding-bottom:0px;padding-left:0px;grid-template-columns:repeat(2, minmax(0, 1fr));}.kb-row-layout-id545_2cb501-33 > .kt-row-layout-overlay{opacity:0.30;}@media all and (max-width: 1024px){.kb-row-layout-id545_2cb501-33 > .kt-row-column-wrap{grid-template-columns:repeat(2, minmax(0, 1fr));}}@media all and (max-width: 767px){.kb-row-layout-id545_2cb501-33 > .kt-row-column-wrap{grid-template-columns:minmax(0, 1fr);}}<\/style><div class=\"kb-row-layout-wrap kb-row-layout-id545_2cb501-33 alignnone wp-block-kadence-rowlayout\"><div class=\"kt-row-column-wrap kt-has-2-columns kt-row-layout-equal kt-tab-layout-inherit kt-mobile-layout-row kt-row-valign-top\">\n<style>.kadence-column545_703e18-27 > .kt-inside-inner-col,.kadence-column545_703e18-27 > .kt-inside-inner-col:before{border-top-left-radius:0px;border-top-right-radius:0px;border-bottom-right-radius:0px;border-bottom-left-radius:0px;}.kadence-column545_703e18-27 > .kt-inside-inner-col{column-gap:var(--global-kb-gap-sm, 1rem);}.kadence-column545_703e18-27 > .kt-inside-inner-col{flex-direction:column;}.kadence-column545_703e18-27 > .kt-inside-inner-col > .aligncenter{width:100%;}.kadence-column545_703e18-27 > .kt-inside-inner-col:before{opacity:0.3;}.kadence-column545_703e18-27{position:relative;}@media all and (max-width: 1024px){.kadence-column545_703e18-27 > .kt-inside-inner-col{flex-direction:column;}}@media all and (max-width: 767px){.kadence-column545_703e18-27 > .kt-inside-inner-col{flex-direction:column;}}<\/style>\n<div class=\"wp-block-kadence-column kadence-column545_703e18-27\"><div class=\"kt-inside-inner-col\"><div class=\"kb-adv-form-field kb-adv-form-text-type-input kb-adv-form-infield-type-input kb-field6224dadc0-cc wp-block-kadence-advanced-form-text\"><label class=\"kb-adv-form-label\" for=\"field6224dadc0-cc\">Imi\u0119<\/label><input name=\"field4dadc0-cc\" id=\"field6224dadc0-cc\" data-label=\"Imi\u0119\" type=\"text\" placeholder=\"\" value=\"\" data-type=\"text\" class=\"kb-field kb-text-field\" data-required=\"no\" \/><\/div><\/div><\/div>\n\n\n<style>.kadence-column545_7da845-ab > .kt-inside-inner-col,.kadence-column545_7da845-ab > .kt-inside-inner-col:before{border-top-left-radius:0px;border-top-right-radius:0px;border-bottom-right-radius:0px;border-bottom-left-radius:0px;}.kadence-column545_7da845-ab > .kt-inside-inner-col{column-gap:var(--global-kb-gap-sm, 1rem);}.kadence-column545_7da845-ab > .kt-inside-inner-col{flex-direction:column;}.kadence-column545_7da845-ab > .kt-inside-inner-col > .aligncenter{width:100%;}.kadence-column545_7da845-ab > .kt-inside-inner-col:before{opacity:0.3;}.kadence-column545_7da845-ab{position:relative;}@media all and (max-width: 1024px){.kadence-column545_7da845-ab > .kt-inside-inner-col{flex-direction:column;}}@media all and (max-width: 767px){.kadence-column545_7da845-ab > .kt-inside-inner-col{flex-direction:column;}}<\/style>\n<div class=\"wp-block-kadence-column kadence-column545_7da845-ab\"><div class=\"kt-inside-inner-col\"><div class=\"kb-adv-form-field kb-adv-form-text-type-input kb-adv-form-infield-type-input kb-field622f159a0-9a wp-block-kadence-advanced-form-text\"><label class=\"kb-adv-form-label\" for=\"field622f159a0-9a\">Nazwisko<\/label><input name=\"fieldf159a0-9a\" id=\"field622f159a0-9a\" data-label=\"Nazwisko\" type=\"text\" placeholder=\"\" value=\"\" data-type=\"text\" class=\"kb-field kb-text-field\" data-required=\"no\" \/><\/div><\/div><\/div>\n\n\n<style>.kadence-column545_493e00-ac > .kt-inside-inner-col,.kadence-column545_493e00-ac > .kt-inside-inner-col:before{border-top-left-radius:0px;border-top-right-radius:0px;border-bottom-right-radius:0px;border-bottom-left-radius:0px;}.kadence-column545_493e00-ac > .kt-inside-inner-col{column-gap:var(--global-kb-gap-sm, 1rem);}.kadence-column545_493e00-ac > .kt-inside-inner-col{flex-direction:column;}.kadence-column545_493e00-ac > .kt-inside-inner-col > .aligncenter{width:100%;}.kadence-column545_493e00-ac > .kt-inside-inner-col:before{opacity:0.3;}.kadence-column545_493e00-ac{position:relative;}@media all and (max-width: 1024px){.kadence-column545_493e00-ac > .kt-inside-inner-col{flex-direction:column;}}@media all and (max-width: 767px){.kadence-column545_493e00-ac > .kt-inside-inner-col{flex-direction:column;}}<\/style>\n<div class=\"wp-block-kadence-column kadence-column545_493e00-ac\"><div class=\"kt-inside-inner-col\"><div class=\"kb-adv-form-field kb-adv-form-text-type-input kb-adv-form-infield-type-input kb-field62269680e-10 wp-block-kadence-advanced-form-email\"><label class=\"kb-adv-form-label\" for=\"field62269680e-10\">Email<span class=\"kb-adv-form-required\">*<\/span><\/label><input name=\"field69680e-10\" id=\"field62269680e-10\" data-label=\"Email\" type=\"email\" placeholder=\"\" value=\"\" data-type=\"email\" class=\"kb-field kb-email-field\" data-required=\"yes\" required aria-required=\"true\"\/><\/div><\/div><\/div>\n\n\n<style>.kadence-column545_55c8f9-06 > .kt-inside-inner-col,.kadence-column545_55c8f9-06 > .kt-inside-inner-col:before{border-top-left-radius:0px;border-top-right-radius:0px;border-bottom-right-radius:0px;border-bottom-left-radius:0px;}.kadence-column545_55c8f9-06 > .kt-inside-inner-col{column-gap:var(--global-kb-gap-sm, 1rem);}.kadence-column545_55c8f9-06 > .kt-inside-inner-col{flex-direction:column;}.kadence-column545_55c8f9-06 > .kt-inside-inner-col > .aligncenter{width:100%;}.kadence-column545_55c8f9-06 > .kt-inside-inner-col:before{opacity:0.3;}.kadence-column545_55c8f9-06{position:relative;}@media all and (max-width: 1024px){.kadence-column545_55c8f9-06 > .kt-inside-inner-col{flex-direction:column;}}@media all and (max-width: 767px){.kadence-column545_55c8f9-06 > .kt-inside-inner-col{flex-direction:column;}}<\/style>\n<div class=\"wp-block-kadence-column kadence-column545_55c8f9-06\"><div class=\"kt-inside-inner-col\"><div class=\"kb-adv-form-field kb-adv-form-text-type-input kb-adv-form-infield-type-input kb-field622b3baf0-e7 wp-block-kadence-advanced-form-text\"><label class=\"kb-adv-form-label\" for=\"field622b3baf0-e7\">Telefon<span class=\"kb-adv-form-required\">*<\/span><\/label><input name=\"fieldb3baf0-e7\" id=\"field622b3baf0-e7\" data-label=\"Telefon\" type=\"text\" placeholder=\"\" value=\"\" data-type=\"text\" class=\"kb-field kb-text-field\" data-required=\"yes\" required aria-required=\"true\"\/><\/div><\/div><\/div>\n\n<\/div><\/div>\n\n<div class=\"kb-adv-form-field kb-adv-form-text-type-input kb-adv-form-infield-type-input kb-field62295c1a2-0e wp-block-kadence-advanced-form-textarea\"><label class=\"kb-adv-form-label\" for=\"field62295c1a2-0e\">Wiadomo\u015b\u0107<span class=\"kb-adv-form-required\">*<\/span><\/label><textarea name=\"field95c1a2-0e\" id=\"field62295c1a2-0e\" rows=\"3\"  data-label=\"Wiadomo\u015b\u0107\" placeholder=\"\" data-type=\"textarea\" class=\"kb-field kb-textarea-field\" data-required=\"yes\" required aria-required=\"true\"><\/textarea><\/div>\n\n<style>ul.menu .kb-submit-field .kb-btn820829-24.kb-button{width:initial;}.kb-submit-field.kb-field820829-24{justify-content:center;}<\/style><div class=\"kb-adv-form-field kb-submit-field kb-field820829-24 wp-block-kadence-advanced-form-submit\"><button class=\"kb-button kt-button button kb-adv-form-submit-button kb-btn820829-24 kt-btn-size-standard kt-btn-width-type-auto kb-btn-global-fill kt-btn-has-text-true kt-btn-has-svg-false\" type=\"submit\"><span class=\"kt-btn-inner-text\">Wy\u015blij wiadomo\u015b\u0107<\/span><\/button><\/div>\n\n<div class=\"kb-adv-form-field kb-adv-form-file-type-input kb-adv-form-infield-type-input kb-field622bbc0d6-08 wp-block-kadence-advanced-form-file\"><label class=\"kb-adv-form-label\" for=\"field622bbc0d6-08\">Za\u0142\u0105czone pliki<\/label><input name=\"fieldbbc0d6-08\" id=\"field622bbc0d6-08\" aria-describedby=\"aria-describe622bbc0d6-08\" data-label=\"Za\u0142\u0105czone pliki\" type=\"file\" placeholder=\"\" value=\"\" data-type=\"file\" class=\"kb-field kb-file-field\" data-required=\"no\" \/><div class=\"kb-adv-form-help\" id=\"aria-describe622bbc0d6-08\">Maksymalna wielko\u015b\u0107 pliku 15MB<\/div><\/div>\n<input type=\"hidden\" name=\"_kb_adv_form_post_id\" value=\"622\"><input type=\"hidden\" name=\"action\" value=\"kb_process_advanced_form_submit\"><input type=\"hidden\" name=\"_kb_adv_form_id\" value=\"622-cpt-id\"><\/form><\/div><\/div><\/div>\n\n\n<style>.kadence-column545_50fcd8-86 > .kt-inside-inner-col,.kadence-column545_50fcd8-86 > .kt-inside-inner-col:before{border-top-left-radius:0px;border-top-right-radius:0px;border-bottom-right-radius:0px;border-bottom-left-radius:0px;}.kadence-column545_50fcd8-86 > .kt-inside-inner-col{column-gap:var(--global-kb-gap-sm, 1rem);}.kadence-column545_50fcd8-86 > .kt-inside-inner-col{flex-direction:column;}.kadence-column545_50fcd8-86 > .kt-inside-inner-col > .aligncenter{width:100%;}.kadence-column545_50fcd8-86 > .kt-inside-inner-col:before{opacity:0.3;}.kadence-column545_50fcd8-86{position:relative;}@media all and (max-width: 1024px){.kadence-column545_50fcd8-86 > .kt-inside-inner-col{flex-direction:column;}}@media all and (max-width: 767px){.kadence-column545_50fcd8-86 > .kt-inside-inner-col{flex-direction:column;}}<\/style>\n<div class=\"wp-block-kadence-column kadence-column545_50fcd8-86\"><div class=\"kt-inside-inner-col\">\n<p>Zapraszamy do kontaktu telefonicznego&nbsp;<\/p>\n\n\n\n<p>Tel: +48 600 968 157<br>Tel: 81 825 20 28<\/p>\n\n\n\n<p>Nasze adresy mailowe:<\/p>\n\n\n\n<p><a href=\"mailto:ubezpieczenia.krasnik@poczta.fm\">ubezpieczenia.krasnik@poczta.fm<\/a><br><a href=\"mailto:ubezpieczeniawrynku@poczta.fm\">ubezpieczeniawrynku@poczta.fm<\/a><\/p>\n<\/div><\/div>\n\n<\/div><\/div>\n\n<style>.kadence-column545_5b9f18-ba > .kt-inside-inner-col{display:flex;}.kadence-column545_5b9f18-ba > .kt-inside-inner-col,.kadence-column545_5b9f18-ba > .kt-inside-inner-col:before{border-top-left-radius:0px;border-top-right-radius:0px;border-bottom-right-radius:0px;border-bottom-left-radius:0px;}.kadence-column545_5b9f18-ba > .kt-inside-inner-col{column-gap:var(--global-kb-gap-sm, 1rem);}.kadence-column545_5b9f18-ba > .kt-inside-inner-col{flex-direction:column;justify-content:center;}.kadence-column545_5b9f18-ba > .kt-inside-inner-col > .aligncenter{width:100%;}.kt-row-column-wrap > .kadence-column545_5b9f18-ba{align-self:center;}.kt-inner-column-height-full:not(.kt-has-1-columns) > .wp-block-kadence-column.kadence-column545_5b9f18-ba{align-self:auto;}.kt-inner-column-height-full:not(.kt-has-1-columns) > .wp-block-kadence-column.kadence-column545_5b9f18-ba > .kt-inside-inner-col{flex-direction:column;justify-content:center;}.kadence-column545_5b9f18-ba > .kt-inside-inner-col:before{opacity:0.3;}.kadence-column545_5b9f18-ba{position:relative;}.kadence-column545_5b9f18-ba, .kt-inside-inner-col > .kadence-column545_5b9f18-ba:not(.specificity){margin-top:var(--global-kb-spacing-md, 2rem);margin-bottom:var(--global-kb-spacing-md, 2rem);}@media all and (max-width: 1024px){.kt-row-column-wrap > .kadence-column545_5b9f18-ba{align-self:center;}}@media all and (max-width: 1024px){.kt-inner-column-height-full:not(.kt-has-1-columns) > .wp-block-kadence-column.kadence-column545_5b9f18-ba{align-self:auto;}}@media all and (max-width: 1024px){.kt-inner-column-height-full:not(.kt-has-1-columns) > .wp-block-kadence-column.kadence-column545_5b9f18-ba > .kt-inside-inner-col{flex-direction:column;justify-content:center;}}@media all and (max-width: 1024px){.kadence-column545_5b9f18-ba > .kt-inside-inner-col{flex-direction:column;}}@media all and (max-width: 767px){.kt-row-column-wrap > .kadence-column545_5b9f18-ba{align-self:center;}.kt-inner-column-height-full:not(.kt-has-1-columns) > .wp-block-kadence-column.kadence-column545_5b9f18-ba{align-self:auto;}.kt-inner-column-height-full:not(.kt-has-1-columns) > .wp-block-kadence-column.kadence-column545_5b9f18-ba > .kt-inside-inner-col{flex-direction:column;justify-content:center;}.kadence-column545_5b9f18-ba > .kt-inside-inner-col{flex-direction:column;}}<\/style>\n<div class=\"wp-block-kadence-column kadence-column545_5b9f18-ba\"><div class=\"kt-inside-inner-col\">\n<hr class=\"wp-block-separator alignwide has-alpha-channel-opacity is-style-wide\"\/>\n\n\n\n<h1 class=\"wp-block-heading has-text-align-center\">Zapraszamy do odwiedzenia nas w biurze<\/h1>\n<\/div><\/div>\n\n\n<style>.kadence-column545_564f4e-6d > .kt-inside-inner-col,.kadence-column545_564f4e-6d > .kt-inside-inner-col:before{border-top-left-radius:0px;border-top-right-radius:0px;border-bottom-right-radius:0px;border-bottom-left-radius:0px;}.kadence-column545_564f4e-6d > .kt-inside-inner-col{column-gap:var(--global-kb-gap-sm, 1rem);}.kadence-column545_564f4e-6d > .kt-inside-inner-col{flex-direction:column;}.kadence-column545_564f4e-6d > .kt-inside-inner-col > .aligncenter{width:100%;}.kadence-column545_564f4e-6d > .kt-inside-inner-col:before{opacity:0.3;}.kadence-column545_564f4e-6d{position:relative;}@media all and (max-width: 1024px){.kadence-column545_564f4e-6d > .kt-inside-inner-col{flex-direction:column;}}@media all and (max-width: 767px){.kadence-column545_564f4e-6d > .kt-inside-inner-col{flex-direction:column;}}<\/style>\n<div class=\"wp-block-kadence-column kadence-column545_564f4e-6d\"><div class=\"kt-inside-inner-col\">\n<div class=\"wp-block-group\"><div class=\"wp-block-group__inner-container is-layout-constrained wp-block-group-is-layout-constrained\">\n<h2 class=\"wp-block-heading has-text-align-center\">Biuro w rynku<\/h2>\n\n\n\n<p class=\"has-text-align-center\">Plac Wolno\u015bci 4<br>23-200 Kra\u015bnik<\/p>\n\n\n<style>.kb-google-maps-container545_2792ed-38{height:450px;}<\/style><div class=\"kb-google-maps-container kb-google-maps-container545_2792ed-38  wp-block-kadence-googlemaps\" data-mapid=\"545_2792ed38\"><iframe width=\"100%\" height=\"100%\"\n\t\t\t\t\t\t\tstyle=\"border:0\" loading=\"lazy\"\n\t\t\t\t\t\t\tsrc=\"https:\/\/www.google.com\/maps\/embed\/v1\/place?key=AIzaSyBAM2o7PiQqwk15LC1XRH2e_KJ-jUa7KYk&#038;zoom=17&#038;maptype=roadmap&#038;q=Ubezpieczenia+w+rynku+S%C5%82awomir+W\"\n\t\t\t\t\t\t\ttitle=\"Google map of Ubezpieczenia w rynku S\u0142awomir W\"><\/iframe><\/div><script>function kb_google_map545_2792ed38() { let center = { lat: 37.8201, lng: -122.4781}; let map = new google.maps.Map(document.getElementById(\"kb-google-map545_2792ed38\"), {\n\t\t\t\t\t    zoom: 17,\n\t\t\t\t\t    center: center,});let marker = new google.maps.Marker({   position: { lat: 37.8201, lng: -122.4781},    map: map,  });}<\/script>\n\n\n<h2 class=\"wp-block-heading has-text-align-center\">Biuro w komisie<\/h2>\n\n\n\n<p class=\"has-text-align-center\">ul. Urz\u0119dowska 351<br>23-200 Kra\u015bnik<\/p>\n\n\n<style>.kb-google-maps-container545_e9da2d-ba{height:450px;}<\/style><div class=\"kb-google-maps-container kb-google-maps-container545_e9da2d-ba  wp-block-kadence-googlemaps\" data-mapid=\"545_e9da2dba\"><iframe width=\"100%\" height=\"100%\"\n\t\t\t\t\t\t\tstyle=\"border:0\" loading=\"lazy\"\n\t\t\t\t\t\t\tsrc=\"https:\/\/www.google.com\/maps\/embed\/v1\/place?key=AIzaSyBAM2o7PiQqwk15LC1XRH2e_KJ-jUa7KYk&#038;zoom=16&#038;maptype=roadmap&#038;q=Urz%C4%99dowska+351\"\n\t\t\t\t\t\t\ttitle=\"Google map of Urz\u0119dowska 351\"><\/iframe><\/div><script>function kb_google_map545_e9da2dba() { let center = { lat: 37.8201, lng: -122.4781}; let map = new google.maps.Map(document.getElementById(\"kb-google-map545_e9da2dba\"), {\n\t\t\t\t\t    zoom: 16,\n\t\t\t\t\t    center: center,});let marker = new google.maps.Marker({   position: { lat: 37.8201, lng: -122.4781},    map: map,  });}<\/script><\/div><\/div>\n<\/div><\/div>\n","protected":false},"excerpt":{"rendered":"<p>Kontakt Masz pytanie? Napisz do nas Zapraszamy do kontaktu telefonicznego&nbsp; Tel: +48 600 968 157Tel: 81 825 20 28 Nasze adresy mailowe: ubezpieczenia.krasnik@poczta.fmubezpieczeniawrynku@poczta.fm Zapraszamy do odwiedzenia nas w biurze Biuro w rynku Plac Wolno\u015bci 423-200 Kra\u015bnik Biuro w komisie ul. Urz\u0119dowska 35123-200 Kra\u015bnik<\/p>\n","protected":false},"author":1,"featured_media":646,"parent":0,"menu_order":0,"comment_status":"closed","ping_status":"closed","template":"","meta":{"_monsterinsights_skip_tracking":false,"_monsterinsights_sitenote_active":false,"_monsterinsights_sitenote_note":"","_monsterinsights_sitenote_category":0,"_kadence_starter_templates_imported_post":true,"_kad_post_transparent":"","_kad_post_title":"","_kad_post_layout":"narrow","_kad_post_sidebar_id":"","_kad_post_content_style":"","_kad_post_vertical_padding":"","_kad_post_feature":"","_kad_post_feature_position":"","_kad_post_header":false,"_kad_post_footer":false,"footnotes":""},"class_list":["post-545","page","type-page","status-publish","has-post-thumbnail","hentry"],"aioseo_notices":[],"_links":{"self":[{"href":"https:\/\/ubezpieczenia-wojciechowski.pl\/index.php?rest_route=\/wp\/v2\/pages\/545","targetHints":{"allow":["GET"]}}],"collection":[{"href":"https:\/\/ubezpieczenia-wojciechowski.pl\/index.php?rest_route=\/wp\/v2\/pages"}],"about":[{"href":"https:\/\/ubezpieczenia-wojciechowski.pl\/index.php?rest_route=\/wp\/v2\/types\/page"}],"author":[{"embeddable":true,"href":"https:\/\/ubezpieczenia-wojciechowski.pl\/index.php?rest_route=\/wp\/v2\/users\/1"}],"replies":[{"embeddable":true,"href":"https:\/\/ubezpieczenia-wojciechowski.pl\/index.php?rest_route=%2Fwp%2Fv2%2Fcomments&post=545"}],"version-history":[{"count":15,"href":"https:\/\/ubezpieczenia-wojciechowski.pl\/index.php?rest_route=\/wp\/v2\/pages\/545\/revisions"}],"predecessor-version":[{"id":848,"href":"https:\/\/ubezpieczenia-wojciechowski.pl\/index.php?rest_route=\/wp\/v2\/pages\/545\/revisions\/848"}],"wp:featuredmedia":[{"embeddable":true,"href":"https:\/\/ubezpieczenia-wojciechowski.pl\/index.php?rest_route=\/wp\/v2\/media\/646"}],"wp:attachment":[{"href":"https:\/\/ubezpieczenia-wojciechowski.pl\/index.php?rest_route=%2Fwp%2Fv2%2Fmedia&parent=545"}],"curies":[{"name":"wp","href":"https:\/\/api.w.org\/{rel}","templated":true}]}}